.
-40
Let s be (27 - 3)/(10/15). Suppose 37*g - 2 = s*g. Let z(m) = m**2 - g + 9 + 2*m + 0*m**2 - 3*m. Calculate z(0).
7
Let y(k) = 5*k - 4 - 1 - 3*k**2 + k**3 - 4*k**2. Let i(l) = -346*l**2 + 1719*l + 61. Let f be i(5). What is y(f)?
-11
Suppose 308 - 8 = -3*q. Let i = q - -109. Let x(h) = -13 + 3*h - 13*h + i*h + 0*h. Calculate x(-10).
-3
Let g(i) = 476*i - 118. Let s(t) = -107*t + 29. Let y(z) = -2*g(z) - 9*s(z). Calculate y(3).
8
Let m(o) be the third derivative of -3*o**4/8 + 5*o**3 - 24*o**2 + 2*o. What is m(4)?
-6
Let x be (-6)/(-14) + (-14)/((-490)/195). Suppose -42 + x = -4*k. Let p(a) = a**2 - 8*a - 11. What is p(k)?
-2
Let s(m) = m**3 - 6*m**2 + 4*m - 7. Let x = 2806 + -2801. Give s(x).
-12
Let d(o) = -15*o - 16. Let n be 450/(-117) + 24/(-156). Calculate d(n).
44
Let y(q) = q + 1. Let g = -17 - -31. Let v be y(g). Let t(a) = -10 - 7 + v - 2*a. Calculate t(-6).
10
Let z(b) be the second derivative of -15 - 3*b + 0*b**3 + 1/12*b**4 - 2*b**2. What is z(-4)?
12
Let q(n) be the first derivative of 2*n**4/3 - n**2/2 - 45*n - 124. Let l(p) be the second derivative of q(p). What is l(3)?
48
Let o(f) be the third derivative of f**4/6 - 14*f**3/3 + 37*f**2. Let t be o(8). Let z(m) = 33*m**2 + 10 - 5*m + t*m - 32*m**2. What is z(0)?
10
Let i = -231 + 399. Let w = 167 - i. Let x(l) = 5*l**3 + 0*l**3 + 126 - 2*l - 127. Give x(w).
-4
Let j(s) = s + 22. Suppose -4*l + 5*k = -10, 2*l - 2*k - 14 = -k. Calculate j(l).
32
Let q(g) = 16*g + 940. Let c be q(-59). Let h(m) = -11 - 6*m - 5*m**2 + 5 + 4*m**2. Determine h(c).
2
Let z(h) be the first derivative of 14*h**3/3 + 5*h**2/2 - 4*h - 2701. Calculate z(1).
15
Let y(o) = 5*o - 51. Let a(n) = -6*n + 51. Let v(m) = 2*a(m) + 3*y(m). Let b be v(15). Let u(x) = x + 2. Determine u(b).
-4
Let r(z) = z**3 - 4*z**2 - 2*z - 7. Suppose -j + 4 + 11 = 0. Let c = 45 - j. Suppose c = 12*m - 6*m. Calculate r(m).
8
Let p(l) = -4*l**2 - 123*l - 236. Let g be p(-2). Let u(c) be the second derivative of 4*c + 0 - 1/20*c**5 - 1/2*c**4 - 1/3*c**3 - 9/2*c**2. Calculate u(g).
3
Suppose -2*f = 5*i - 5, 2*f - 5*f = -3*i + 45. Let j be 1683/39 + f/65. Let s(o) = 40*o - 82*o + 2 + 1 + j*o. Give s(-10).
-7
Let u = 209 - 107. Let b = u + -113. Let k(h) = -h**2 + h - 1. Let c(y) = y**2 - 12*y + 15. Let q(i) = c(i) + 2*k(i). Calculate q(b).
2
Let b(a) be the third derivative of 1/3*a**3 + 0*a - 1/6*a**4 + 0 - 86*a**2. What is b(4)?
-14
Let y(q) be the first derivative of -21 - 3*q**2 + 0*q - 1/60*q**5 - 1/3*q**4 - q**3. Let h(m) be the second derivative of y(m). Calculate h(-7).
1
Let c(o) = -o - 45. Let s(k) = -k**3 + 60*k**2 + 195*k - 401. Let g be s(63). Calculate c(g).
-22
Let v = -7632 + 7625. Let z(y) = 3*y**2 + 17*y - 17. Determine z(v).
11
Let i be (30/1)/6 + -2. Suppose -a - 2*a = -12. Let o(v) = -2*v**3 - a*v**2 + 2*v - 8 + 3 - 5*v**3 + 6*v**i. Give o(-5).
10
Let r(a) be the first derivative of 7*a**2/2 + 22*a + 7653. What is r(5)?
57
Let j = 112 - 115. Let y(k) = -k + 12. Let d be y(11). Let w(n) = 1. Let h(m) = 2*m + 1. Let s(p) = d*h(p) - 5*w(p). Calculate s(j).
-10
Suppose -3*w - 13 = -2*l, 5*l = 6*w - 4*w + 27. Let r be (-8)/(-2)*(9/12 - 0). Let g(o) = -r*o - 4*o**3 - 8*o**3 + 4*o + 5*o**3. What is g(w)?
6
Let f(b) = -b**3 - b**2 + 2*b - 1. Suppose -5*v + 427 = 4*k + 391, 5*v + k = 9. Determine f(v).
-1
Let s be 0*(5 + -4 - 0). Suppose -12*m - 2 + 2 = s. Let k be m/(-8 + (1 - -3)). Let r(q) = -q - 5. Calculate r(k).
-5
Let b(r) be the third derivative of 7/24*r**4 - 1/60*r**5 + 3/2*r**3 + 0 + 119*r - 2*r**2. What is b(8)?
1
Let l(z) = -2*z**2 + 42*z - 6. Let o = -9222 - -9243. Calculate l(o).
-6
Let r(b) be the third derivative of b**5/60 + b**4/4 - 7*b**3/6 - b**2. Let m be -6*(3*1)/(207/(-46)). Let i be -1*m*35/28. Determine r(i).
-12
Let q(l) be the third derivative of -l**6/120 - 2*l**5/15 - l**4/3 + 5*l**3/6 - 14*l**2. Suppose 6 = -3*x - 6. Let p = x + -2. Determine q(p).
-19
Suppose 2*y + 3*y + 24 = 3*i, 22 = -5*y + 4*i. Let n(o) be the first derivative of 1/3*o**3 - 4*o + 5/2*o**2 - 10. Give n(y).
2
Let x(i) be the second derivative of i**6/360 - 3*i**5/40 - 7*i**4/24 + 27*i**3 + i**2/2 + 190*i + 1. Let l(t) be the second derivative of x(t). Calculate l(9).
-7
Let g = 43378 + -43357. Let b(f) = -f**3 + 20*f**2 + 16*f + 115. Determine b(g).
10
Let p(i) = i**2 - 3*i - 8. Let s(t) = -3*t**2 + 16*t + 42. Let x(d) = 11*p(d) + 2*s(d). Let o(r) = r**2 + 1. Let q(y) = 3*o(y) + x(y). Determine q(-1).
8
Let s(j) = -j**2 + 8*j + 4. Let f = 32 + -42. Let t be f - -5 - (-13 - 0). What is s(t)?
4
Let n(v) = -13*v - 21 + 5751*v**2 + 24 - 5753*v**2 + 44 - 14*v. Calculate n(-15).
2
Let k be (-1 + 250/(-8))/((-147)/196). Let r(c) = -c + 0*c - c - k + 39. What is r(9)?
-22
Let v(n) = -11*n - 5. Let c(l) = -4*l - 2. Let m(d) = 3*c(d) - v(d). Give m(-8).
7
Let a(h) = -13*h**3 - 2*h**2 - 4*h - 1. Let y(x) = -9*x**3 - 4*x**2 - 5*x + 1. Let i(s) = -2*a(s) + 3*y(s). Determine i(-7).
5
Let i be 2 - (-1 + -2 + -1). Let y(n) = 5 - 1 + 2*n - i. Suppose -4*w = -a + 10, -2186*a + 5*w = -2182*a - 7. Determine y(a).
-6
Let b(f) be the second derivative of -f**4/24 + 3*f**3/2 - 37*f**2 + 8*f - 1. Let k(g) be the first derivative of b(g). Suppose -21 = -2*d - 7. Determine k(d).
2
Let r = -2 - -3. Let h(f) = -6*f**2 + f. Let n be h(r). Let q(g) = 3*g - 58024 + 28871 + 29160. What is q(n)?
-8
Let u(z) = z**3 + 2*z**2 - 6*z - 4. Let h = -430 - -237. Let b = h + 108. Let s = 81 + b. Determine u(s).
-12
Let g(f) = -13 + 354*f - 9*f**2 - 219*f - 111*f - 115*f. What is g(-10)?
-3
Let o(k) = 112*k**3 - k**2 + 28*k - 1. Let u(c) = 558*c**3 - 4*c**2 + 154*c - 6. Let y(w) = 11*o(w) - 2*u(w). What is y(-1)?
-118
Let o(f) = -2*f**2 + 8*f - 1. Suppose 2*d - 3*g + 2*g - 6 = 0, -18 = -4*d - g. Let z be o(d). Let a(q) = -29*q**2 - q - 1. What is a(z)?
-29
Suppose 0 = 42*v - 45*v + 6. Suppose 0 = -f - 2*y + 5*y - 8, -3*f + 6 = y. Suppose i - f = -v. Let r(u) = -6*u**3 - u**2. Give r(i).
5
Let f(v) = -20*v**3 - 35*v**2 - 43*v + 35. Let j(o) = -o**3 - 54*o + 109*o + 12*o**2 - 40*o - 12 + 8*o**3. Let p(q) = 6*f(q) + 17*j(q). Calculate p(-5).
-4
Let x(t) = 8*t + 13*t - 29*t + 14*t - 32 + 37*t**2 + 4*t**3. Let r(v) = v**3 + 12*v**2 + 2*v - 11. Let f(d) = -7*r(d) + 2*x(d). Calculate f(10).
-7
Let j(n) = n**2 - 24*n + 114. Let a be j(6). Let h(u) = -u**2 + 7*u**2 - 7*u**2 + 2*u + 2*u + 10. Give h(a).
-2
Let g(z) be the second derivative of z**4/6 - z**3 - 102*z - 7. What is g(5)?
20
Let y(i) = 27*i. Let l(r) be the first derivative of -5*r**2/2 + 68. Let q(n) = -33*l(n) - 6*y(n). Give q(1).
3
Let v(z) = -19*z + 76. Let s(x) = -x**2 - 4*x + 144. Let i be s(10). Calculate v(i).
0
Let y = -1972 - -1978. Let f(b) = 6*b - 24. Calculate f(y).
12
Let d(n) = -4*n**2 - 8*n + 1. Suppose 2*l = b + 2, 5*b + 41 - 5 = -3*l. What is d(l)?
1
Let v(g) = -g - 2. Let f(c) = -6*c - 14. Let p(m) = -2*f(m) + 10*v(m). Suppose 0 = 2*o + 2*a + 20, 5*o + 15*a - 17*a = -43. What is p(o)?
-10
Let a(q) = -4*q + 2. Let g(x) be the third derivative of -18*x**2 - 8/3*x**3 + 1/4*x**4 + 0 + 0*x. Let n be g(3). Calculate a(n).
-6
Let v(l) = 2*l**3 + 5*l**2 + l + 7. Suppose -3*m + 4*s + 3 = 0, -136 = -m + 2*s - 133. What is v(m)?
-5
Let i(o) = o**3 - 10*o**2 - 9*o - 29. Let g = 5292 + -5281. Give i(g).
-7
Let u(l) = -l**2 - 7*l - 3. Let f = 21 + -41. Let j be f/3 - (-7)/(-21) - -3. Give u(j).
9
Let q(h) = -h**3 - 14*h**2 + 14*h - 8. Suppose 3*a + 45 = -4*b, -62 = -2*a - 5*b - 92. Calculate q(a).
7
Let q(u) = -134*u - 670. Let b be q(-5). Let a(x) be the third derivative of -3/8*x**4 + 1/6*x**3 + 0 + b*x - 42*x**2. Calculate a(-1).
10
Let v be 2*(-3 + 2/(-2)). Let a(o) = o**3 + 19*o**2 + 10*o + 39. Let b be a(-16). Let s(j) = -b*j**2 + 18 + 11*j - 8 + 648*j**2. Determine s(v).
-14
Let v(x) = x**2 - 35*x + 6. Let a be v(35). Let b be 0/a - -4 - (0 + 11). Let k(p) be the third derivative of p**4/24 - p**3/6 - p**2. Give k(b).
-8
Let i be (-4)/(-14) + 162/21 + (-5670)/1890. Let t(j) be the second derivative of 0 - 1/12*j**4 - j + 0*j**2 + 1/2*j**3. Determine t(i).
-10
Suppose -3*q - 5*j = 38, -5*q - 6*j - 42 = -3*j. Let d(t) be the second derivative of 3*t + 3/2*t**2 - 1/6*t**3 + 0. What is d(q)?
9
Let u be (-22)/77 + (-12)/7. Let g(w) = 13*w - 1. Suppose 26 = 5*t + 6. Let d(a) = -14*a + 2. Let i(p) = t